{"id":17,"date":"2017-11-28T18:19:36","date_gmt":"2017-11-28T17:19:36","guid":{"rendered":"http:\/\/www.dinsotare.se\/nynashamns-kommun\/?page_id=17"},"modified":"2018-01-30T19:56:18","modified_gmt":"2018-01-30T18:56:18","slug":"vi-utfor","status":"publish","type":"page","link":"http:\/\/www.dinsotare.se\/nynashamns-kommun\/vi-utfor\/","title":{"rendered":"Vi utf\u00f6r"},"content":{"rendered":"<p>Hos Skorstensfejarm\u00e4starna S\u00f6dert\u00f6rn AB kan du f\u00e5 hj\u00e4lp med ett antal tj\u00e4nster. V\u00e4lj i v\u00e5ra menyer det som du vill ha mer information om.<\/p>\n<p>Vi erbjuder \u00e4ven serviceavtal p\u00e5 v\u00e4rme och ventilationssystem.<br \/>\nSamtliga arbeten utf\u00f6rs med senaste teknik<\/p>\n","protected":false},"excerpt":{"rendered":"<p>Hos Skorstensfejarm\u00e4starna S\u00f6dert\u00f6rn AB kan du f\u00e5 hj\u00e4lp med ett antal tj\u00e4nster. V\u00e4lj i v\u00e5ra menyer det som du vill ha mer information om. Vi erbjuder \u00e4ven serviceavtal p\u00e5 v\u00e4rme&#8230;<\/p>\n","protected":false},"author":1,"featured_media":86,"parent":0,"menu_order":0,"comment_status":"closed","ping_status":"closed","template":"","meta":{"_acf_changed":false,"footnotes":""},"class_list":["post-17","page","type-page","status-publish","has-post-thumbnail","hentry"],"acf":[],"yoast_head":"<!-- This site is optimized with the Yoast SEO plugin v26.1.1 - https:\/\/yoast.com\/wordpress\/plugins\/seo\/ -->\n<title>Vi utf\u00f6r - Bramstedts Skorstensfejeri i Nyn\u00e4shamn<\/title>\n<meta name=\"robots\" content=\"index, follow, max-snippet:-1, max-image-preview:large, max-video-preview:-1\" \/>\n<link rel=\"canonical\" href=\"http:\/\/www.dinsotare.se\/nynashamns-kommun\/vi-utfor\/\" \/>\n<meta property=\"og:locale\" content=\"sv_SE\" \/>\n<meta property=\"og:type\" content=\"article\" \/>\n<meta property=\"og:title\" content=\"Vi utf\u00f6r - Bramstedts Skorstensfejeri i Nyn\u00e4shamn\" \/>\n<meta property=\"og:description\" content=\"Hos Skorstensfejarm\u00e4starna S\u00f6dert\u00f6rn AB kan du f\u00e5 hj\u00e4lp med ett antal tj\u00e4nster. V\u00e4lj i v\u00e5ra menyer det som du vill ha mer information om. Vi erbjuder \u00e4ven serviceavtal p\u00e5 v\u00e4rme...\" \/>\n<meta property=\"og:url\" content=\"http:\/\/www.dinsotare.se\/nynashamns-kommun\/vi-utfor\/\" \/>\n<meta property=\"og:site_name\" content=\"Bramstedts Skorstensfejeri i Nyn\u00e4shamn\" \/>\n<meta property=\"article:modified_time\" content=\"2018-01-30T18:56:18+00:00\" \/>\n<meta property=\"og:image\" content=\"http:\/\/www.dinsotare.se\/nynashamns-kommun\/wp-content\/uploads\/sites\/6\/2017\/11\/pigoff-photography-225031-1024x720.jpg\" \/>\n\t<meta property=\"og:image:width\" content=\"1024\" \/>\n\t<meta property=\"og:image:height\" content=\"720\" \/>\n\t<meta property=\"og:image:type\" content=\"image\/jpeg\" \/>\n<meta name=\"twitter:card\" content=\"summary_large_image\" \/>\n<script type=\"application\/ld+json\" class=\"yoast-schema-graph\">{\"@context\":\"https:\/\/schema.org\",\"@graph\":[{\"@type\":\"WebPage\",\"@id\":\"http:\/\/www.dinsotare.se\/nynashamns-kommun\/vi-utfor\/\",\"url\":\"http:\/\/www.dinsotare.se\/nynashamns-kommun\/vi-utfor\/\",\"name\":\"Vi utf\u00f6r - Bramstedts Skorstensfejeri i Nyn\u00e4shamn\",\"isPartOf\":{\"@id\":\"http:\/\/www.dinsotare.se\/nynashamns-kommun\/#website\"},\"primaryImageOfPage\":{\"@id\":\"http:\/\/www.dinsotare.se\/nynashamns-kommun\/vi-utfor\/#primaryimage\"},\"image\":{\"@id\":\"http:\/\/www.dinsotare.se\/nynashamns-kommun\/vi-utfor\/#primaryimage\"},\"thumbnailUrl\":\"http:\/\/www.dinsotare.se\/nynashamns-kommun\/wp-content\/uploads\/sites\/6\/2017\/11\/pigoff-photography-225031.jpg\",\"datePublished\":\"2017-11-28T17:19:36+00:00\",\"dateModified\":\"2018-01-30T18:56:18+00:00\",\"breadcrumb\":{\"@id\":\"http:\/\/www.dinsotare.se\/nynashamns-kommun\/vi-utfor\/#breadcrumb\"},\"inLanguage\":\"sv-SE\",\"potentialAction\":[{\"@type\":\"ReadAction\",\"target\":[\"http:\/\/www.dinsotare.se\/nynashamns-kommun\/vi-utfor\/\"]}]},{\"@type\":\"ImageObject\",\"inLanguage\":\"sv-SE\",\"@id\":\"http:\/\/www.dinsotare.se\/nynashamns-kommun\/vi-utfor\/#primaryimage\",\"url\":\"http:\/\/www.dinsotare.se\/nynashamns-kommun\/wp-content\/uploads\/sites\/6\/2017\/11\/pigoff-photography-225031.jpg\",\"contentUrl\":\"http:\/\/www.dinsotare.se\/nynashamns-kommun\/wp-content\/uploads\/sites\/6\/2017\/11\/pigoff-photography-225031.jpg\",\"width\":3000,\"height\":2109},{\"@type\":\"BreadcrumbList\",\"@id\":\"http:\/\/www.dinsotare.se\/nynashamns-kommun\/vi-utfor\/#breadcrumb\",\"itemListElement\":[{\"@type\":\"ListItem\",\"position\":1,\"name\":\"Hem\",\"item\":\"http:\/\/www.dinsotare.se\/nynashamns-kommun\/\"},{\"@type\":\"ListItem\",\"position\":2,\"name\":\"Vi utf\u00f6r\"}]},{\"@type\":\"WebSite\",\"@id\":\"http:\/\/www.dinsotare.se\/nynashamns-kommun\/#website\",\"url\":\"http:\/\/www.dinsotare.se\/nynashamns-kommun\/\",\"name\":\"Bramstedts Skorstensfejeri i Nyn\u00e4shamn\",\"description\":\"\",\"potentialAction\":[{\"@type\":\"SearchAction\",\"target\":{\"@type\":\"EntryPoint\",\"urlTemplate\":\"http:\/\/www.dinsotare.se\/nynashamns-kommun\/?s={search_term_string}\"},\"query-input\":{\"@type\":\"PropertyValueSpecification\",\"valueRequired\":true,\"valueName\":\"search_term_string\"}}],\"inLanguage\":\"sv-SE\"}]}<\/script>\n<!-- \/ Yoast SEO plugin. -->","yoast_head_json":{"title":"Vi utf\u00f6r - Bramstedts Skorstensfejeri i Nyn\u00e4shamn","robots":{"index":"index","follow":"follow","max-snippet":"max-snippet:-1","max-image-preview":"max-image-preview:large","max-video-preview":"max-video-preview:-1"},"canonical":"http:\/\/www.dinsotare.se\/nynashamns-kommun\/vi-utfor\/","og_locale":"sv_SE","og_type":"article","og_title":"Vi utf\u00f6r - Bramstedts Skorstensfejeri i Nyn\u00e4shamn","og_description":"Hos Skorstensfejarm\u00e4starna S\u00f6dert\u00f6rn AB kan du f\u00e5 hj\u00e4lp med ett antal tj\u00e4nster. V\u00e4lj i v\u00e5ra menyer det som du vill ha mer information om. Vi erbjuder \u00e4ven serviceavtal p\u00e5 v\u00e4rme...","og_url":"http:\/\/www.dinsotare.se\/nynashamns-kommun\/vi-utfor\/","og_site_name":"Bramstedts Skorstensfejeri i Nyn\u00e4shamn","article_modified_time":"2018-01-30T18:56:18+00:00","og_image":[{"width":1024,"height":720,"url":"http:\/\/www.dinsotare.se\/nynashamns-kommun\/wp-content\/uploads\/sites\/6\/2017\/11\/pigoff-photography-225031-1024x720.jpg","type":"image\/jpeg"}],"twitter_card":"summary_large_image","schema":{"@context":"https:\/\/schema.org","@graph":[{"@type":"WebPage","@id":"http:\/\/www.dinsotare.se\/nynashamns-kommun\/vi-utfor\/","url":"http:\/\/www.dinsotare.se\/nynashamns-kommun\/vi-utfor\/","name":"Vi utf\u00f6r - Bramstedts Skorstensfejeri i Nyn\u00e4shamn","isPartOf":{"@id":"http:\/\/www.dinsotare.se\/nynashamns-kommun\/#website"},"primaryImageOfPage":{"@id":"http:\/\/www.dinsotare.se\/nynashamns-kommun\/vi-utfor\/#primaryimage"},"image":{"@id":"http:\/\/www.dinsotare.se\/nynashamns-kommun\/vi-utfor\/#primaryimage"},"thumbnailUrl":"http:\/\/www.dinsotare.se\/nynashamns-kommun\/wp-content\/uploads\/sites\/6\/2017\/11\/pigoff-photography-225031.jpg","datePublished":"2017-11-28T17:19:36+00:00","dateModified":"2018-01-30T18:56:18+00:00","breadcrumb":{"@id":"http:\/\/www.dinsotare.se\/nynashamns-kommun\/vi-utfor\/#breadcrumb"},"inLanguage":"sv-SE","potentialAction":[{"@type":"ReadAction","target":["http:\/\/www.dinsotare.se\/nynashamns-kommun\/vi-utfor\/"]}]},{"@type":"ImageObject","inLanguage":"sv-SE","@id":"http:\/\/www.dinsotare.se\/nynashamns-kommun\/vi-utfor\/#primaryimage","url":"http:\/\/www.dinsotare.se\/nynashamns-kommun\/wp-content\/uploads\/sites\/6\/2017\/11\/pigoff-photography-225031.jpg","contentUrl":"http:\/\/www.dinsotare.se\/nynashamns-kommun\/wp-content\/uploads\/sites\/6\/2017\/11\/pigoff-photography-225031.jpg","width":3000,"height":2109},{"@type":"BreadcrumbList","@id":"http:\/\/www.dinsotare.se\/nynashamns-kommun\/vi-utfor\/#breadcrumb","itemListElement":[{"@type":"ListItem","position":1,"name":"Hem","item":"http:\/\/www.dinsotare.se\/nynashamns-kommun\/"},{"@type":"ListItem","position":2,"name":"Vi utf\u00f6r"}]},{"@type":"WebSite","@id":"http:\/\/www.dinsotare.se\/nynashamns-kommun\/#website","url":"http:\/\/www.dinsotare.se\/nynashamns-kommun\/","name":"Bramstedts Skorstensfejeri i Nyn\u00e4shamn","description":"","potentialAction":[{"@type":"SearchAction","target":{"@type":"EntryPoint","urlTemplate":"http:\/\/www.dinsotare.se\/nynashamns-kommun\/?s={search_term_string}"},"query-input":{"@type":"PropertyValueSpecification","valueRequired":true,"valueName":"search_term_string"}}],"inLanguage":"sv-SE"}]}},"_links":{"self":[{"href":"http:\/\/www.dinsotare.se\/nynashamns-kommun\/wp-json\/wp\/v2\/pages\/17","targetHints":{"allow":["GET"]}}],"collection":[{"href":"http:\/\/www.dinsotare.se\/nynashamns-kommun\/wp-json\/wp\/v2\/pages"}],"about":[{"href":"http:\/\/www.dinsotare.se\/nynashamns-kommun\/wp-json\/wp\/v2\/types\/page"}],"author":[{"embeddable":true,"href":"http:\/\/www.dinsotare.se\/nynashamns-kommun\/wp-json\/wp\/v2\/users\/1"}],"replies":[{"embeddable":true,"href":"http:\/\/www.dinsotare.se\/nynashamns-kommun\/wp-json\/wp\/v2\/comments?post=17"}],"version-history":[{"count":6,"href":"http:\/\/www.dinsotare.se\/nynashamns-kommun\/wp-json\/wp\/v2\/pages\/17\/revisions"}],"predecessor-version":[{"id":193,"href":"http:\/\/www.dinsotare.se\/nynashamns-kommun\/wp-json\/wp\/v2\/pages\/17\/revisions\/193"}],"wp:featuredmedia":[{"embeddable":true,"href":"http:\/\/www.dinsotare.se\/nynashamns-kommun\/wp-json\/wp\/v2\/media\/86"}],"wp:attachment":[{"href":"http:\/\/www.dinsotare.se\/nynashamns-kommun\/wp-json\/wp\/v2\/media?parent=17"}],"curies":[{"name":"wp","href":"https:\/\/api.w.org\/{rel}","templated":true}]}}